075 (base 9) to base 5
-1222041
313 (base 12) to base 10
447
Convert 41213 (base 5) to base 11.
201a
What is 27 (base 12) in base 3?
1011
-1f6 (base 16) to base 10
-502
What is b6c (base 16) in base 7?
11345
What is -45130 (base 6) in base 3?
-22200000
What is -21212 (base 3) in base 15?
-e2
211023 (base 6) to base 11
11917
13104 (base 8) to base 7
22422
What is -1225 (base 6) in base 16?
-131
-7088 (base 11) to base 12
-5545
1305 (base 10) to base 14
693
What is -444 (base 11) in base 9?
-651
Convert -11100101010 (base 2) to base 6.
-12254
What is 4311 (base 8) in base 14?
b69
What is -4132 (base 5) in base 4?
-20132
Convert -218 (base 16) to base 7.
-1364
Convert 14a53 (base 13) to base 6.
501015
Convert 42442 (base 8) to base 7.
102412
Convert -2b3c (base 14) to base 12.
-4556
Convert 1011100110000011 (base 2) to base 6.
1003511
What is 98c2 (base 16) in base 10?
39106
-10122 (base 4) to base 13
-189
What is 121202 (base 3) in base 9?
552
Convert -24022 (base 7) to base 14.
-2382
Convert 13c6 (base 13) to base 16.
b32
Convert -9770 (base 13) to base 4.
-11020313
What is 1020121 (base 3) in base 9?
1217
What is -2435a (base 11) in base 4?
-20203122
-93d (base 15) to base 2
-100000100011
-35b (base 12) to base 2
-111110111
Convert 12134 (base 5) to base 2.
1110010111
Convert 10122112 (base 3) to base 2.
101001100100
-11001001110 (base 2) to base 5
-22424
-23c56 (base 13) to base 14
-19dac
What is -666 (base 7) in base 2?
-101010110
What is 1524 (base 7) in base 10?
606
What is 222010 (base 3) in base 15?
320
Convert 660 (base 12) to base 10.
936
-5234 (base 7) to base 8
-3456
What is -124b (base 15) in base 4?
-330320
-1051 (base 8) to base 15
-26d
Convert -301 (base 6) to base 13.
-85
What is 222 (base 8) in base 7?
266
Convert 122403 (base 5) to base 16.
1278
What is 5c9 (base 16) in base 6?
10505
-5405 (base 16) to base 15
-658e
What is -148 (base 9) in base 3?
-11122
What is 4777 (base 8) in base 16?
9ff
What is -40343 (base 5) in base 6?
-20010
What is 2927 (base 15) in base 3?
110002101
What is -4306 (base 9) in base 6?
-22353
-17281 (base 9) to base 3
-121022201
Convert 550a (base 12) to base 5.
244440
Convert -3a4 (base 14) to base 6.
-3220
3580 (base 9) to base 4
221220
Convert 380 (base 16) to base 4.
32000
-146320 (base 8) to base 12
-26414
Convert 110101110011001 (base 2) to base 5.
1340140
-32d0 (base 15) to base 11
-8101
Convert 2c1 (base 14) to base 8.
1061
Convert -114404 (base 5) to base 13.
-1c9c
Convert -3b (base 15) to base 10.
-56
180 (base 15) to base 3
110210
-20200 (base 3) to base 9
-220
Convert 123 (base 6) to base 13.
3c
Convert 4034041 (base 5) to base 4.
33312000
11010000100 (base 2) to base 7
4602
What is 621 (base 11) in base 5?
10444
What is -416 (base 13) in base 4?
-22313
6116 (base 9) to base 6
32410
Convert 2411 (base 5) to base 16.
164
Convert 13013 (base 5) to base 13.
5c7
Convert 14358 (base 10) to base 12.
8386
-7d4 (base 15) to base 4
-123232
What is 1001111010101100 (base 2) in base 8?
117254
What is -348 (base 14) in base 7?
-1621
What is 1112222 (base 4) in base 14?
2042
What is 15711 (base 11) in base 9?
33346
Convert 84c (base 14) to base 12.
b44
Convert 20333 (base 5) to base 3.
1211202
What is 12a5 (base 13) in base 7?
10533
-170 (base 15) to base 2
-101001010
What is 1110110 (base 4) in base 6?
40552
What is -4920 (base 10) in base 11?
-3773
-1111011111111 (base 2) to base 13
-37c5
What is -7483 (base 9) in base 16?
-157e
Convert 2d28 (base 15) to base 12.
5755
-1557 (base 9) to base 2
-10010100010
267 (base 10) to base 16
10b
2023022 (base 4) to base 12
51a2
Convert 20102 (base 4) to base 5.
4110
What is 4328 (base 10) in base 7?
15422
What is -7a35 (base 11) in base 2?
-10100101000101
Convert 12220200 (base 3) to base 8.
10327
What is 2400 (base 5) in base 13?
20c
Convert 624 (base 9) to base 14.
284
Convert -202312 (base 6) to base 5.
-1003400
What is 40 (base 12) in base 6?
120
aa (base 12) to base 9
154
What is -23a (base 12) in base 9?
-411
200120220 (base 3) to base 2
11010011101111
Convert -2101 (base 6) to base 7.
-1240
What is 11010200 (base 4) in base 11?
14670
What is 12584 (base 10) in base 6?
134132
Convert -1000101000 (base 2) to base 5.
-4202
-aa3 (base 12) to base 4
-120123
What is 1111110001101101 (base 2) in base 15?
14231
Convert -230131 (base 8) to base 6.
-1400413
What is -313013 (base 4) in base 10?
-3527
-101100101110111 (base 2) to base 9
-34367
-24523 (base 9) to base 12
-9640
Convert 2232203 (base 4) to base 10.
11171
Convert -3433333 (base 5) to base 7.
-344636
Convert -101012111 (base 3) to base 2.
-1110100001110
What is -75036 (base 8) in base 10?
-31262
What is 44425 (base 6) in base 2?
1100001000001
Convert 625 (base 7) to base 16.
139
Convert -55dd (base 14) to base 10.
-14895
What is -10001001001 (base 2) in base 8?
-2111
Convert -20365 (base 8) to base 15.
-2777
-31020 (base 6) to base 13
-1b48
What is 2e2 (base 16) in base 13?
44a
Convert 100201002 (base 3) to base 10.
7076
Convert 8276 (base 9) to base 5.
143223
Convert -102304 (base 5) to base 3.
-11201221
54220 (base 6) to base 14
29c8
135321 (base 6) to base 8
31101
Convert 2220200021 (base 3) to base 6.
1121311
What is 1211020202 (base 3) in base 16?
8c3f
Convert bc1 (base 14) to base 7.
6531
Convert -677 (base 15) to base 7.
-4156
What is 41227 (base 10) in base 14?
1104b
-392 (base 12) to base 11
-453
32a8 (base 13) to base 16
1b9b
Convert -330100 (base 5) to base 15.
-351a
Convert 12425 (base 6) to base 16.
761
Convert 177575 (base 8) to base 14.
19b9b
1023 (base 15) to base 2
110101010000
21102000 (base 3) to base 12
3160
Convert 24925 (base 10) to base 13.
b464
587 (base 15) to base 10
1252
What is -437 (base 10) in base 14?
-233
-523 (base 7) to base 15
-127
2111 (base 3) to base 10
67
What is -10111011 (base 2) in base 16?
-bb
1171 (base 14) to base 10
3039
What is 2222111 (base 3) in base 14?
b13
Convert -1100010011001110 (base 2) to base 5.
-3103012
10310311 (base 4) to base 7
111424
Convert 12222112 (base 3) to base 8.
10411
Convert 1664 (base 12) to base 3.
10122211
What is 25d9 (base 16) in base 15?
2d0e
What is 11001011 (base 2) in base 7?
410
What is 3a3 (base 15) in base 7?
2262
What is 13507 (base 10) in base 3?
200112021
Convert 6b6c (base 16) to base 7.
143114
Convert 20563 (base 7) to base 10.
5092
Convert -202120 (base 5) to base 9.
-8861
What is 631 (base 16) in base 13?
94c
-1186 (base 9) to base 15
-3e3
19c (base 13) to base 8
452
-45a8 (base 13) to base 4
-2120223
-4c46 (base 13) to base 5
-321444
Convert 2233302 (base 4) to base 12.
6616
36114 (base 7) to base 14
357b
-1db (base 15) to base 10
-431
Convert 11444 (base 6) to base 15.
774
What is -2296 (base 13) in base 12?
-2987
Convert 10110 (base 2) to base 10.
22
Convert 122350 (base 6) to base 2.
10101010111010
4314 (base 8) to base 12
1378
-101100011110000 (base 2) to base 16
-58f0
Convert 1303021 (base 5) to base 4.
12030222
4b6a (base 12) to base 14
31aa
What is 1153 (base 10) in base 4?
102001
What is f60 (base 16) in base 14?
1612
-1c13 (base 14) to base 8
-11771
-22819 (base 11) to base 15
-9b57
Convert -118 (base 13) to base 3.
-21001
What is -618 (base 10) in base 8?
-1152
What is 709 (base 14) in base 5?
21011
12a (base 16) to base 15
14d
211 (base 16) to base 15
254
1b9 (base 15) to base 7
1110
-14232 (base 6) to base 2
-100011001100
Convert -25955 (base 10) to base 2.
-110010101100011
Convert -1126 (base 15) to base 2.
-111000110100
7c0 (base 14) to base 5
22130
Convert -19416 (base 11) to base 5.
-1331441
What is 681 (base 9) in base 11?
469
Convert 3737 (base 9) to base 7.
11062
What is 2b5 (base 12) in base 4?
12221
What is 67110 (base 8) in base 10?
28232
Convert -22130 (base 5) to base 11.
-1180
What is -1489 (base 15) in base 10?
-4404
24221 (base 5) to base 15
80b
Convert 8084 (base 14) to base 10.
22068
Convert 17683 (base 12) to base 16.
8403
Convert 401c (base 13) to base 7.
34460
14405 (base 10) to base 5
430110
1747 (base 13) to base 5
102224
-161d (base 16) to base 12
-3339
-27528 (base 9) to base 3
-221120222
Convert -202012 (base 5) to base 12.
-3923
What is -3598 (base 11) in base 4?
-1021201
Convert -232004 (base 6) to base 16.
-4da4
What is 735 (base 12) in base 9?
1385
Convert 22031 (base 5) 